{"id":6332,"date":"2023-05-06T09:52:08","date_gmt":"2023-05-06T07:52:08","guid":{"rendered":"https:\/\/www.StJoseph.no\/?page_id=6332"},"modified":"2025-02-17T10:34:21","modified_gmt":"2025-02-17T09:34:21","slug":"nyheter-2022","status":"publish","type":"page","link":"https:\/\/www.StJoseph.no\/?page_id=6332","title":{"rendered":"Nyheter 2022"},"content":{"rendered":"<section id=\"content-core\">\n<div id=\"parent-fieldname-text\">\n<h4><strong>MESSETIDER FOR JULEN 2022<br \/>\nI KRISTI KONGE KAPELL<br \/>\n<\/strong><strong>GLADS VEI 23\u00a0 0489 OSLO<\/strong><\/h4>\n<\/div>\n<\/section>\n<section id=\"content-core\">\n<div id=\"parent-fieldname-text\">\n<h5><strong>JULAFTEN 24. DESEMBER\u00a0<\/strong><br \/>\nKL. 18.00<br \/>\n<strong>F\u00d8RSTE JULEDAG 25. DESEMBER<br \/>\n<\/strong>KL. 11.30<br \/>\n<strong>ANNEN JULEDAG 26. DESEMBER<br \/>\n<\/strong>KL. 11.30<br \/>\n<strong>27. DESEMBER<br \/>\n<\/strong>KL. 17.30<br \/>\n<strong>28. DESEMBER<br \/>\n<\/strong>KL. 17.30<br \/>\n<strong>29. DESEMBER<br \/>\n<\/strong>KL. 17.30<br \/>\n<strong>30. DESEMBER<br \/>\n<\/strong>KL. 17.30<br \/>\n<strong>NYTT\u00c5RSAFTEN 31. DESEMBER<br \/>\n<\/strong>KL. 17.30<br \/>\n<strong>NYTT\u00c5RSDAG 1. JANUAR 2023<br \/>\n<\/strong>KL. 11.30<\/h5>\n<\/div>\n<\/section>\n<p>**********************************<\/p>\n<h4>Velkommen til b\u00f8nn for preste- og ordenskall hos<\/h4>\n<div class=\"entry\">\n<header class=\"row typo-title\">\n<div class=\"col-xs-12 col-sm-12\">\n<h5 class=\"western\">St. Josephs\u00f8strene den 5. januar 2023<\/h5>\n<h5 class=\"western\"><b>Denne gangen er den hl. Messe p\u00e5 Grefsen, Gladsvei 23, 0489 Oslo<\/b><\/h5>\n<h5 class=\"western\">F\u00f8rste torsdag i m\u00e5neden ber de troende i Oslo katolske bisped\u00f8mme spesielt<br \/>\nfor kall til preste- og ordensliv. Alle menigheter og klostre i bisped\u00f8mmet<br \/>\noppfordres til \u00e5 gj\u00f8re dette lokalt, og alle katolikker oppfordres til \u00e5 be alene<br \/>\nog i familien. Denne gangen blir kallmessen feiret hos<br \/>\n<b>St. Josephs\u00f8strene p\u00e5 Grefsen, Gladsvei 23, 0489 Oslo.<\/b><\/h5>\n<h5 class=\"western\">Den hl. Messe er kl. 18.00 i Kristi Konges kapell.<br \/>\nEtter den hl. Messe er alle hjertelig velkommen<br \/>\ntil kirkekaffen i s\u00f8strenes spisestuen.<\/h5>\n<h2 class=\"western\"><b>Velkommen!\u00a0<\/b><\/h2>\n<p class=\"western\"><b>Veibeskrivelse:<\/b> Trikk 11 retning Kjels\u00e5s, stoppested Gladsvei,<br \/>\n40 m tilbake s\u00e5 inngangen til St. Josephs\u00f8strenes Hjem.<\/p>\n<h4>\u00a0**********************************************************<\/h4>\n<\/div>\n<\/header>\n<header class=\"row typo-title\">\n<div class=\"col-xs-12 col-sm-12\"><\/div>\n<h3><\/h3>\n<div class=\"col-xs-12 col-sm-12\">\n<p>ST. JOSEPH RETRETTSENTER <a href=\"http:\/\/www.stjoseph.no\/?page_id=651\">(les mer)<\/a><\/p>\n<h4>Loyola Senter <span lang=\"zxx\"><a href=\"http:\/\/www.stjoseph.no\/?page_id=3358\">(les mer)<\/a><\/span><\/h4>\n<h5>Vi sier en stor takk til alle medarbeidere,<strong>medvandrer, s\u00f8stre,<br \/>\nfrivillige og alle som bidro til et so vellykket julemarket.<\/strong><\/h5>\n<\/div>\n<\/header>\n<\/div>\n<h4>Det var overveldende hvor mange som kom og<br \/>\nden gode stemning som hver enkelt bidro med.<br \/>\nEn hjertelig takk for den store<br \/>\noppslutningen og innsatsen.<br \/>\nMed beste hilsener og hjertelig takk<br \/>\nfra St. Josephs\u00f8strene<\/h4>\n<h2>\u00a4\u00a4\u00a4\u00a4\u00a4\u00a4\u00a4\u00a4\u00a4\u00a4\u00a4\u00a4\u00a4\u00a4\u00a4\u00a4\u00a4\u00a4\u00a4\u00a4\u00a4\u00a4\u00a4<\/h2>\n<h4>Vi inviterer til julemarked 2022<\/h4>\n<h5><strong>St.Josephs\u00f8strenes Hjem<\/strong><\/h5>\n<h5><strong>Glads Vei 23, 0489 Oslo<\/strong><\/h5>\n<h5><strong>Tlf. 23 400 920 eller 23 400 935<\/strong><\/h5>\n<p>&nbsp;<\/p>\n<p><strong><img loading=\"lazy\" decoding=\"async\" title=\"IMG_0043.jpg julemarked 2015\" src=\"http:\/\/www.stjoseph.no\/wp-content\/uploads\/2015\/12\/IMG_0043.jpg-julemarked-2015-300x165.jpg\" alt=\"IMG_0043.jpg julemarked 2015\" width=\"300\" height=\"165\" \/><\/strong><\/p>\n<h4><strong>L\u00f8rdag, 12. november 2022<\/strong><\/h4>\n<h4><strong>\u00a0fra kl. 11.00 til kl. 15.00<\/strong><\/h4>\n<h4>Hjertelig velkommen!<\/h4>\n<h4>NB! Varene kan ogs\u00e5 betales med bankkort eller vipps<\/h4>\n<p>*********************************************************************<\/p>\n<header class=\"row typo-title\">\n<div class=\"col-xs-12 col-sm-12\">\n<table width=\"990\" cellspacing=\"0\" cellpadding=\"0\">\n<tbody>\n<tr valign=\"top\">\n<td width=\"397\">\n<h6><img loading=\"lazy\" decoding=\"async\" class=\"wp-image-2329 jetpack-lazy-image jetpack-lazy-image--handled\" src=\"https:\/\/i0.wp.com\/www.marysouthard.org\/wp-content\/uploads\/Green-Crucifixion-4-scaled-e1584823979319.jpg?resize=600%2C838&amp;ssl=1\" sizes=\"auto, (max-width: 600px) 100vw, 600px\" srcset=\"https:\/\/i0.wp.com\/www.marysouthard.org\/wp-content\/uploads\/Green-Crucifixion-4-scaled-e1584823979319.jpg?w=600&amp;ssl=1 600w, https:\/\/i0.wp.com\/www.marysouthard.org\/wp-content\/uploads\/Green-Crucifixion-4-scaled-e1584823979319.jpg?resize=215%2C300&amp;ssl=1 215w, https:\/\/i0.wp.com\/www.marysouthard.org\/wp-content\/uploads\/Green-Crucifixion-4-scaled-e1584823979319.jpg?resize=107%2C150&amp;ssl=1 107w, https:\/\/i0.wp.com\/www.marysouthard.org\/wp-content\/uploads\/Green-Crucifixion-4-scaled-e1584823979319.jpg?resize=286%2C400&amp;ssl=1 286w, https:\/\/i0.wp.com\/www.marysouthard.org\/wp-content\/uploads\/Green-Crucifixion-4-scaled-e1584823979319.jpg?resize=300%2C419&amp;ssl=1 300w\" alt=\"\" width=\"202\" height=\"282\" data-id=\"2329\" data-full-url=\"https:\/\/i0.wp.com\/www.marysouthard.org\/wp-content\/uploads\/Green-Crucifixion-4-scaled-e1584823979319.jpg?resize=600%2C838&amp;ssl=1\" data-link=\"https:\/\/www.marysouthard.org\/green-crucifixion-4\/\" data-recalc-dims=\"1\" data-lazy-loaded=\"1\" \/>Mary Southard,CSj<\/h6>\n<h3><strong>Liturgi i den Stille Uken og\u00a0 P\u00e5sken\u00a0 i<br \/>\n<\/strong><strong>Kristi Konge Kapell p\u00e5 Grefsen.<br \/>\n<\/strong><\/h3>\n<p>=======================================<\/p>\n<p><b>L\u00f8rdag, 09. april\u00a0\u00a0 <\/b><b><br \/>\n<\/b><\/td>\n<td width=\"612\">&nbsp;<\/p>\n<p>&nbsp;<\/p>\n<p>&nbsp;<\/p>\n<p>&nbsp;<\/p>\n<p>&nbsp;<\/p>\n<p>&nbsp;<\/p>\n<p><b>\u00a0<\/b><\/p>\n<p>&nbsp;<\/p>\n<p>&nbsp;<\/p>\n<p>&nbsp;<\/p>\n<p>&nbsp;<\/p>\n<p><b>H\u00f8ymesse<br \/>\nmed palmevigsel kl. \u00a017.30 <\/b><b><\/b><\/td>\n<\/tr>\n<tr valign=\"top\">\n<td width=\"397\"><b>S\u00f8ndag, 10. april<\/b><\/td>\n<td width=\"612\"><b>HL. me<\/b><b>sse <\/b><b>kl. 11.30<\/b><\/td>\n<\/tr>\n<tr valign=\"top\">\n<td width=\"397\"><b>Mandag, 11. april<\/b><\/td>\n<td width=\"612\"><b>Hl. messe kl. 17.30<\/b><\/td>\n<\/tr>\n<tr valign=\"top\">\n<td width=\"397\" height=\"98\"><b>Tirsdag, 12. april<\/b><\/td>\n<td width=\"612\"><b>Hl. messe <\/b><b>kl. 09.00<br \/>\n<\/b><b>med Laudes<\/b><\/td>\n<\/tr>\n<tr valign=\"top\">\n<td width=\"397\"><b>Onsdag, 13. april<\/b><\/td>\n<td width=\"612\"><b>Hl. messe kl. \u00a017.30<\/b><\/td>\n<\/tr>\n<tr valign=\"top\">\n<td width=\"397\"><b>Skj\u00e6rtorsdag, 14. april<\/b><\/td>\n<td width=\"612\"><b>H\u00f8ymesse <\/b><b>kl. 17.30<\/b><\/td>\n<\/tr>\n<tr valign=\"top\">\n<td width=\"397\"><b>Langfredag, 15. april<\/b><\/td>\n<td width=\"612\"><b>Langfredagsliturgi kl. 16.00<\/b><\/td>\n<\/tr>\n<tr valign=\"top\">\n<td width=\"397\"><b>P\u00e5skeaften, 16. april<\/b><\/td>\n<td width=\"612\"><b>P\u00e5skeliturgi kl. 18.00<\/b><\/td>\n<\/tr>\n<tr valign=\"top\">\n<td width=\"397\"><b>1. p\u00e5skedag, 17. april<\/b><\/td>\n<td width=\"612\"><b>H\u00f8ymesse kl. 11.30<\/b><\/td>\n<\/tr>\n<tr valign=\"top\">\n<td width=\"397\"><b>2. p\u00e5skedag, 18. april<\/b><\/td>\n<td width=\"612\"><b>Hl. messe kl. 11.30<\/b><\/td>\n<\/tr>\n<\/tbody>\n<\/table>\n<p>************************************************************************************<\/p>\n<h4><strong>TORSDAG DEN 7. APRIL KL. 18.00<\/strong><\/h4>\n<h4>ER DET KALLMESSE<\/h4>\n<h4>hos St. Josephs\u00f8strene p\u00e5 Grefsen,<br \/>\nGladsvei 23, 0489 Oslo<br \/>\nVi ber for gode preste- og ordenskall!<\/h4>\n<p><strong>VI INNBYR ETTERP\u00c5 <\/strong><strong>TIL EN SAMLING OM<br \/>\n<\/strong><strong>ST. JOSEPHS\u00d8STREN<\/strong><strong>E OG DERES VIRKE<\/strong><\/p>\n<h4><strong>ALLE ER HJERTELIG VELKOMMEN!<\/strong><\/h4>\n<p>=========================================<\/p>\n<h4><\/h4>\n<h4><strong>IMPULS I FASTETIDEN!<\/strong><\/h4>\n<h5><strong>KORSVEI MEDITASJONER<br \/>\n<\/strong><\/h5>\n<p>&nbsp;<\/p>\n<p><img loading=\"lazy\" decoding=\"async\" class=\"\" src=\"http:\/\/media-cache-ec0.pinimg.com\/736x\/65\/ab\/b3\/65abb300b753febc683fb73aa9aaf711.jpg\" alt=\"\" width=\"198\" height=\"158\" \/><\/p>\n<h5>Passion of Earth, Mary Southard,CSJ<\/h5>\n<h5><strong>DEN SOM IKKE B\u00c6RER SITT KORS OG F\u00d8LGER ETTER MEG, <\/strong><\/h5>\n<h5><strong>KAN IKKE V\u00c6RE MIN DISIPPEL! Luk 14,27<\/strong><\/h5>\n<h5><strong>I fastetiden\u00a0 tilbyr vi\u00a0 korsvei<\/strong> <strong>meditasjoner<br \/>\n<\/strong><\/h5>\n<h5><strong>St. Josephs\u00f8strene <\/strong><\/h5>\n<h5><strong>Gladsveien 23, 0489 Oslo<\/strong>.<\/h5>\n<h5><strong>EN HJELP TIL OSS ALLE\u00a0 TIL B\u00d8NN OG SAMLING\u00a0 I FASTETIDEN!<\/strong><\/h5>\n<h5><strong>Korsvei meditasjoner finner sted p\u00e5\u00a0 fredager-<br \/>\n5 fredager \u00a0 i fastetiden:<\/strong><\/h5>\n<h5><strong>Fredag\u00a0 den 11. mars, 18. mars, 25. mars, 1. april og\u00a0 8. april<\/strong><\/h5>\n<h5><strong>Tidspunkt:\u00a0 kl. 20.00<br \/>\n<\/strong><\/h5>\n<h5><strong>Vi m\u00f8tes i resepsjonen i hovedhuset og begynner\u00a0 i\u00a0 hovedhusets kapell.<br \/>\nVi g\u00e5r korsveien p\u00e5 en meditativ m\u00e5te og m\u00f8tes deretter til en stille\u00a0 avslutning<br \/>\ni retrettsenterets kapell.<\/strong><\/h5>\n<h5><strong>P\u00e5meldingen<\/strong> <strong>ikke n\u00f8dvendig<\/strong>, <strong>man kan bare<\/strong> <strong>m\u00f8te opp<\/strong>! <strong>Velkommen!<\/strong><\/h5>\n<h5><strong>Med trikk nr. 11 \u2013 retning Kjels\u00e5s,<\/strong><strong><br \/>\nstoppested: Gladsvei.<br \/>\nDerfra ca. 40 m tilbake,<br \/>\ninngang St. Josephs\u00f8strenes Hjem.<br \/>\nHovedhuset er den store r\u00f8de mursteinsbygningen. G\u00e5 til hovedinngangen.<\/strong><\/h5>\n<h5><strong>Med bil:<\/strong><br \/>\n<strong>Kj\u00f8r Ring 3. Ved Storo oppover Grefsenveien.<\/strong><strong><br \/>\nLike f\u00f8r\u00a0 trafikklyset , Grefsenveien \u2013 Gladsvei. Inngang St. Josephs\u00f8strenes Hjem.<br \/>\nHovedhuset er den store r\u00f8de mursteinsbygningen. G\u00e5 til hovedinngangen.<\/strong><\/h5>\n<h5>++++++++++++++++++++++++++++++++++++++++++++++++++++<\/h5>\n<h5>VI\u00a0 \u00c5PNER OPP FOR ALLE RETRETTER!<\/h5>\n<h5>\u00a0<u><b>R E T R E T T E R 20<\/b><\/u><u><b>2<\/b><\/u><u><b>2<\/b><\/u><\/h5>\n<header class=\"row typo-title\">\n<div class=\"col-xs-12 col-sm-12\">\n<h3><img loading=\"lazy\" decoding=\"async\" title=\"laaven\" src=\"https:\/\/www.stjoseph.no\/wp-content\/uploads\/2010\/01\/laaven2.jpg\" alt=\"laaven\" width=\"256\" height=\"192\" \/><\/h3>\n<header class=\"row typo-title\">\n<div class=\"col-xs-12 col-sm-12\">\n<p><b>RETRETTER I FASTETIDEN<br \/>\n<\/b><b><\/b><\/p>\n<p><b>Tors <\/b><b>1<\/b><b>0<\/b><b>. <\/b><b>\u2013 S\u00f8ndag <\/b><b>1<\/b><b>3<\/b><b>. <\/b><b>mars<br \/>\nkr 2<\/b><b>5<\/b><b>00,\u2013 <\/b><b>Sr. Marit og <\/b><b>Hilde R. Myhrer<\/b><\/p>\n<p><b>Tors 24.-S\u00f8n 27. mars<br \/>\n<\/b><b>kr 2500,\u2013Sr. Marit, Arne Sand<\/b><\/p>\n<p>&nbsp;<\/p>\n<\/div>\n<\/header>\n<\/div>\n<\/header>\n<p lang=\"nb-NO\"><b>Tors 31. mars \u2013 S\u00f8n 3. april<br \/>\n<\/b><b>kr 2500,\u2013 Sr. Anette, P. Erik SM<\/b><\/p>\n<p>&nbsp;<\/p>\n<p><b>10 dagers retrett<\/b><b>er:<\/b><b><br \/>\n<\/b><b>Fre <\/b><b><\/b><b>2<\/b><b>9<\/b><b>.<\/b><b>april <\/b><b> \u2013 L\u00f8rdag\u00a0 <\/b><b>7. mai <\/b><b><br \/>\n<\/b><strong>p. Rainer Carls, SJ<br \/>\n<\/strong><\/p>\n<p lang=\"nb-NO\"><b>Fre 2<\/b><b>0.<\/b><b> \u2013 S\u00f8n <\/b><b>2<\/b><b>9. mai <\/b><b><br \/>\nkr 6<\/b><b>500<\/b><b>,-<\/b><b>Bj\u00f8rg Eimstad,<\/b><b> <\/b><b>Geir Gundersen<br \/>\n<\/b><b>Sr. Marit.\u00a0<\/b><b> <\/b><\/p>\n<h5 lang=\"nb-NO\">10 dagers retrett, kr 6500,\u2013<br \/>\n22.-31. juli 2022<br \/>\n( P.Bill Clark SJ\u00a0 engelsk<br \/>\nog ogs\u00e5 veiledning p\u00e5 norsk )<\/h5>\n<p><b>Man 29. august- <\/b><b>L\u00f8r <\/b><b>3. September<br \/>\n<\/b>Skandinavisk Manresagruppe (fast gruppe)<br \/>\nP. Rainer Carls SJ, liturg og innleder<br \/>\n<b><br \/>\n<\/b><b>Tors 1<\/b><b>5<\/b><b>. \u2013 S\u00f8n <\/b><b>1<\/b><b>8<\/b><b>. september<br \/>\nkr 2<\/b><b>5<\/b><b>00,\u2013<\/b><b>Jeanine R. Ruyter, Hilde R. Myhrer<\/b><b><br \/>\n<\/b><\/p>\n<h4 lang=\"nb-NO\"><b>Tors 06. S\u00f8n 9. oktober<br \/>\nkr 2500,- Sr. Marit og Geir Gundersen<\/b><\/h4>\n<p lang=\"nb-NO\"><b>Medvandrer 3. nov-6. Nov.<br \/>\nKr 2500,\u2013<br \/>\n<\/b><\/p>\n<p lang=\"nb-NO\"><b>RETRETT I ADVENTSTIDEN<\/b><b><\/b><\/p>\n<p lang=\"nb-NO\"><b>Folk p\u00e5 vandring <\/b><b>mot <\/b><b> <\/b><b>lyset\u2026<\/b><b>(Jes 9:2,6)<\/b><b><\/b><\/p>\n<p><b>H<\/b><b>erren er n\u00e6r!<\/b><\/p>\n<h5><b>T<\/b><b>ors 2<\/b><b>4<\/b><b>.-S\u00f8n 2<\/b><b>7<\/b><b>. <\/b><b>n<\/b><b>ovember<br \/>\nkr 2<\/b><b>5<\/b><b>00,\u2013<\/b><b>Bj\u00f8rg Eimstad og P. Erik <\/b><b>SM<\/b><\/h5>\n<h5><b>Tors <\/b><b>1.<\/b><b>\u2013 <\/b><b>S\u00f8n <\/b><b>4<\/b><b>. <\/b><b>d<\/b><b>esember<\/b><b><br \/>\n<\/b><b>kr 2<\/b><b>5<\/b><b>00,- Sr. Marit <\/b><b>CSJ<\/b><b> og P. Rory <\/b><b>SM<\/b><\/h5>\n<h5><b>Tors den 8.- S\u00f8n den 11. desember<br \/>\nkr 2500,-Sr. Anette CSJ og P. Rory SM<\/b><\/h5>\n<h5><b>Torsdag den 15.-S\u00f8n den 18. desember<br \/>\nkr 2500,\u2013 P. Rory SM og Sr. Marit<br \/>\n<\/b>****************************************************<br \/>\nP\u00e5melding per E-post: retrett@stjoseph.no<br \/>\nInformasjon: Tlf: 23 40 09 22\u00a0 Sr. Marit<br \/>\n23 40 09 35\u00a0 Sr. Anette<br \/>\nBetaling: Bankgirokont0:16071823990<br \/>\n***************************************************<br \/>\n<strong>Veibeskrivelse til retrettsentret<br \/>\nMed trikk nr. 11 \u2013<\/strong> retning Kjels\u00e5s, stoppested:<br \/>\nGladsvei. Derfra ca. 40 m tilbake,<br \/>\ninngang St. Josephs\u00f8strenes Hjem.<br \/>\nRetrettsentret finner du i den gule l\u00e5vebygning.<br \/>\n<strong>Med bil:<br \/>\n<\/strong>Kj\u00f8r Ring 3. Ved Storo oppover Grefsenveien.<br \/>\nBrannvaktveien p\u00e5 h\u00f8yre side.<br \/>\nInngang til retrettsentret fra Brannvaktveien<br \/>\nfinner du p\u00e5 baksiden av l\u00e5ven (stor gul bygning).<br \/>\n<strong>Fra: Oslo lufthavn Gardermoen<br \/>\nTil: Brannvaktveien 5, St. Joseph<\/strong> <strong>Retrettsenter<br \/>\n0489<\/strong> <strong> Oslo\u00a0\u00a0 i alt ca. 58 min.<br \/>\n<\/strong>Fra: Gardermoen flyterminal (n. plan)<strong><br \/>\n<\/strong>FlybussF3 mot Bekkestua (Flybussekspressen)<br \/>\ntil\u00a0 Storo (Ringvei-rampe sydover)<br \/>\ntil Storo (p\u00e5 broen) ca 1 minutt<br \/>\nkrysser gaten og g\u00e5r retning Storo,<br \/>\ntrikkeholdeplass<br \/>\nTrikk nr.\u00a011 mot Kjels\u00e5s etc\u2026.<\/h5>\n<h4>Vanlig dagsrytme<strong>(kan skje sm\u00e5 forandringer)<\/strong><\/h4>\n<h4>Kl. 18.oo\u00a0\u00a0 ankomst, aftens, innf\u00f8ring i retretten,<br \/>\navslutning i kapellet med kompletorium<br \/>\nAnledning til kaffe, te tidligere i retrettsenter<br \/>\nfra kl. 8.15\u00a0 frokost i hovedhuset<br \/>\nLaudes kl. 9.00<br \/>\nKl. 10.00 b\u00f8nne-impuls<br \/>\nanledning til \u00e5 spise mellommat<br \/>\nkl. 12.00 middag i hovedhuset<br \/>\nkl. 15.30 kaffe,te<br \/>\nkl. 17.30 vesper\u00a0 og\u00a0 kveldsmesse,<br \/>\nderetter\u00a0 aftens i hovedhuset<br \/>\nKompletorium kl. 21.00<\/h4>\n<p>ST. JOSEPH RETRETTSENTER <a href=\"http:\/\/www.stjoseph.no\/?page_id=651\">(les mer)<\/a><\/p>\n<h4>Loyola Senter <span lang=\"zxx\"><a href=\"http:\/\/www.stjoseph.no\/?page_id=3358\">(les mer)<\/a><\/span><\/h4>\n<h3>**********************************************************<br \/>\n<b>In Memoriam Sr. Lioba Herbert, CSJ<br \/>\n<\/b><\/h3>\n<h3 class=\"western\" align=\"left\">\u201c<i><b>I dine hender overgir jeg min \u00e5nd, <\/b><\/i><\/h3>\n<h3 class=\"western\" align=\"left\"><i><b>du forl\u00f8ser meg, Herre, du trofaste Gud.\u201d Salme 31,6<\/b><\/i><\/h3>\n<h3><a href=\"https:\/\/www.StJoseph.no\/wp-content\/uploads\/2022\/01\/Sr.-Lioba.png\"><img loading=\"lazy\" decoding=\"async\" class=\"alignnone size-medium wp-image-6265\" src=\"https:\/\/www.StJoseph.no\/wp-content\/uploads\/2022\/01\/Sr.-Lioba-193x300.png\" sizes=\"auto, (max-width: 193px) 100vw, 193px\" srcset=\"https:\/\/www.StJoseph.no\/wp-content\/uploads\/2022\/01\/Sr.-Lioba-193x300.png 193w, https:\/\/www.StJoseph.no\/wp-content\/uploads\/2022\/01\/Sr.-Lioba.png 405w\" alt=\"\" width=\"193\" height=\"300\" \/><\/a><\/h3>\n<h3><b>Sr. Lioba Herbert, CSJ\u00a0 <\/b><\/h3>\n<p class=\"western\" align=\"left\"><b>f\u00f8dt 30.12.1927 i Altenberge\/Tyskland <\/b><\/p>\n<p class=\"western\" align=\"left\"><b>d\u00f8de 07.02.2022 p\u00e5 St. Josephs\u00f8strenes Hjem,<br \/>\n<\/b><\/p>\n<p class=\"western\" align=\"left\"><b>Grefsen\/Oslo, Gladsvei 23<br \/>\n<\/b><\/p>\n<p class=\"western\" align=\"left\"><b>Rekviem onsdag den 16.02.2022 kl. 11.00<\/b><\/p>\n<p class=\"western\" align=\"left\"><b>i\u00a0 St. Josephs\u00f8strenes Kapell p\u00e5 Grefsen, 3. etasje<\/b><\/p>\n<p class=\"western\" align=\"left\"><b>etterp\u00e5 begravelse p\u00e5 Grefsen Kirkeg\u00e5rd <\/b><\/p>\n<p class=\"western\" align=\"left\">Sr. Lioba Herbert ble f\u00f8dt 30.12.1927 i <span lang=\"nb-NO\">Altenberge<\/span>\/Tyskland.<br \/>\nHun vokste opp i en god katolsk familie og siden hennes eldre<br \/>\ns\u00f8ster Sr. Thekla, var St. Josephs\u00f8ster, kjente hun til klosterlivet<br \/>\nallerede fra ung alder.<br \/>\nHun tok \u201cRealskole \u201cog Husmorskole hos \u201cUrsuliner\u201d som er en kjent<br \/>\nl\u00e6rerorden i Tyskland og ble \u201cLandwirtschaftliche L\u00e6rerinne\u201d i 1949.<br \/>\nHun f\u00f8lte seg kalt til \u00e5 virke i Norge som hennes s\u00f8ster.<br \/>\nI 1950 inntr\u00e5dte hun i postulatet i Albachten hos St. Josephs\u00f8strene.<br \/>\nHun avla sine evige l\u00f8fter den 08.09.1955 p\u00e5 St. Joseph Institutt i Oslo,<br \/>\netter \u00e5 ha hatt novisiatet p\u00e5 Vor Frue Villa.<br \/>\nI Norge tok hun Artium i 1955 og ble heimkunnskapsl\u00e6rer i 1956,<br \/>\nvidere tok hun l\u00e6rereksamen i 1972 og spesialpedagikk i 1978\/1979.<br \/>\nHun skolerte seg ogs\u00e5 i teologi og tok et kurs i 1967 og fikk<br \/>\net teologisk sabbats\u00e5r i Paderborn i 1985 og ble igjen student i<br \/>\nUSA\u00a0 i Ignatiansk Spiritualitet p\u00e5 Campion Center SJ.<br \/>\nSr. Lioba bodde de fleste \u00e5r av sitt\u00a0 p\u00e5 St. Joseph Institutt i Oslo<br \/>\nog underviste p\u00e5 St. Sunniva skole,<br \/>\nhun var kjent og avholdt som en meget dyktig l\u00e6rerinne<br \/>\nog med sin spesial pedagogikk hadde hun ogs\u00e5 et spesielt kall<br \/>\nfor svake elever. Hun var s\u00e6rlig interessert i \u00e5 f\u00e5 fremmedspr\u00e5klige<br \/>\nelever best mulig integrert i norsk skole.<br \/>\nHun var Rektor p\u00e5 St. Sunniva skole i tre \u00e5r.<br \/>\nEtter at hun ble pensjonist flyttet hun til menigheten i Porsgrunn<br \/>\nog overtok som menighetssekret\u00e6r og leder for katekesen.<br \/>\nFra 1993 til 2002 var hun i Porsgrunn menighet.<br \/>\n2002 flyttet hun til Akersveien 4-6 og hjalp til med svake elever<br \/>\np\u00e5 St. Sunniva skole.\u00a0 Dessuten ga hun ogs\u00e5 konvertittundervisning.<br \/>\n2006 kom Sr. Lioba til Grefsen og ble i de siste \u00e5rene pasient p\u00e5 v\u00e5r<br \/>\nsykeavdeling p\u00e5 Grefsen.<\/p>\n<p class=\"western\" align=\"left\">S\u00f8ster Lioba var et livsglad menneske og hadde gode kontakter<br \/>\ntil sine omgivelser, hun hadde dype og langvarige kontakter<br \/>\ntil venner og kjente. Hun var kjent for sin korrekte opptreden<br \/>\nog dyktighet i sine ansvarsfulle stillinger. Hun var en morgenfugl<br \/>\nog hadde bedt sin morgenmeditasjon f\u00f8r alle s\u00f8stre kom til kapellet.<br \/>\nSr. Lioba hadde en veldig flott sangstemme, som hun brukte i<br \/>\nsangkoret i v\u00e5r domkirke St. Olav, men ogs\u00e5 senere i Porsgrunn menighet.<br \/>\nHun elsket klassisk musikk og likte \u00e5 synge.<br \/>\nHun var et postiv medlem i kommuniteten og hadde ogs\u00e5<br \/>\ngod kontakt til sin familie i Tyskland.<br \/>\nHun vil bli\u00a0 husket av v\u00e5re unge vietnamesiske s\u00f8stre, som av og til<br \/>\nhjalp til p\u00e5 sykeavdelingen, med sitt gode smil,<br \/>\nselv om hun ikke lenger kunne snakke.<br \/>\nHun d\u00f8de med s\u00f8stre rundt seg som sang og ba.<br \/>\nSr. Lioba ga sitt liv tilbake til Gud p\u00e5 en meget fredelig m\u00e5te.<br \/>\nM\u00e5 hun hvile i Guds kj\u00e6rlighet og fred.<br \/>\nHun er v\u00e5r forbeder hos Gud. La oss be for v\u00e5re avd\u00f8de.<\/p>\n<p><strong>St. Josephs\u00f8strene<\/strong><\/p>\n<\/div>\n<\/header>\n<p>(overf\u00f8rt til tysk) auf deutsch, siehe Spalte rechts:<br \/>\nv\u00e5re avd\u00f8de s\u00f8stre: Sr. Lioba R.I.P.<\/p>\n","protected":false},"excerpt":{"rendered":"<p>MESSETIDER FOR JULEN 2022 I KRISTI KONGE KAPELL GLADS VEI 23\u00a0 0489 OSLO JULAFTEN 24. DESEMBER\u00a0 KL. 18.00 F\u00d8RSTE JULEDAG 25. DESEMBER KL. 11.30 ANNEN JULEDAG 26. DESEMBER KL. 11.30 27. DESEMBER KL. 17.30 28. DESEMBER KL. 17.30 29. DESEMBER KL. 17.30 30. DESEMBER KL. 17.30 NYTT\u00c5RSAFTEN 31. DESEMBER KL. 17.30 NYTT\u00c5RSDAG 1. JANUAR 2023 &hellip; <a href=\"https:\/\/www.StJoseph.no\/?page_id=6332\" class=\"more-link\">Continue reading<span class=\"screen-reader-text\"> &#8220;Nyheter 2022&#8221;<\/span><\/a><\/p>\n","protected":false},"author":2,"featured_media":0,"parent":4894,"menu_order":20,"comment_status":"closed","ping_status":"closed","template":"","meta":{"footnotes":""},"class_list":["post-6332","page","type-page","status-publish","hentry"],"_links":{"self":[{"href":"https:\/\/www.StJoseph.no\/index.php?rest_route=\/wp\/v2\/pages\/6332","targetHints":{"allow":["GET"]}}],"collection":[{"href":"https:\/\/www.StJoseph.no\/index.php?rest_route=\/wp\/v2\/pages"}],"about":[{"href":"https:\/\/www.StJoseph.no\/index.php?rest_route=\/wp\/v2\/types\/page"}],"author":[{"embeddable":true,"href":"https:\/\/www.StJoseph.no\/index.php?rest_route=\/wp\/v2\/users\/2"}],"replies":[{"embeddable":true,"href":"https:\/\/www.StJoseph.no\/index.php?rest_route=%2Fwp%2Fv2%2Fcomments&post=6332"}],"version-history":[{"count":12,"href":"https:\/\/www.StJoseph.no\/index.php?rest_route=\/wp\/v2\/pages\/6332\/revisions"}],"predecessor-version":[{"id":6474,"href":"https:\/\/www.StJoseph.no\/index.php?rest_route=\/wp\/v2\/pages\/6332\/revisions\/6474"}],"up":[{"embeddable":true,"href":"https:\/\/www.StJoseph.no\/index.php?rest_route=\/wp\/v2\/pages\/4894"}],"wp:attachment":[{"href":"https:\/\/www.StJoseph.no\/index.php?rest_route=%2Fwp%2Fv2%2Fmedia&parent=6332"}],"curies":[{"name":"wp","href":"https:\/\/api.w.org\/{rel}","templated":true}]}}