{"id":464,"date":"2023-05-16T09:17:15","date_gmt":"2023-05-16T07:17:15","guid":{"rendered":"http:\/\/csj.katolsk.no\/?page_id=464"},"modified":"2025-02-17T10:34:09","modified_gmt":"2025-02-17T09:34:09","slug":"klosterutdanning","status":"publish","type":"page","link":"https:\/\/www.StJoseph.no\/?page_id=464","title":{"rendered":"Klosterutdanning"},"content":{"rendered":"<p>&nbsp;<\/p>\n<p><strong>Hvordan blir jeg St. Josephs\u00f8ster?<br \/>\n<\/strong><\/p>\n<p>Den enkelte som \u00f8nsker \u00e5 begynne p\u00e5 de innledende trinn, \u00a0m\u00e5 f\u00f8le et kall innenfra, et kall fra Gud. Vedkommende pr\u00f8ver \u00e5 svare p\u00e5 dette kallet i stillhet og b\u00f8nn. I den tiden s\u00f8ker personen Guds n\u00e6rv\u00e6r og tiltrekkes av\u00a0b\u00f8nn og deltagelse i den hellige messe. Slik modner kallet og vedkommende blir mer og mer overbevist om at Gud har valgt henne til \u00e5 g\u00e5 denne veien. I f\u00f8rste omgang er det oftest bare en indre, hellig hemmelighet som bare vedkommende og Gud vet om.<\/p>\n<p><img loading=\"lazy\" decoding=\"async\" class=\"aligncenter size-full wp-image-1193\" title=\"retrett-00957b\" src=\"https:\/\/www.stjoseph.no\/wp-content\/uploads\/2009\/12\/retrett-00957b.jpg\" alt=\"retrett-00957b\" width=\"450\" height=\"348\" srcset=\"https:\/\/www.StJoseph.no\/wp-content\/uploads\/2009\/12\/retrett-00957b.jpg 450w, https:\/\/www.StJoseph.no\/wp-content\/uploads\/2009\/12\/retrett-00957b-300x232.jpg 300w\" sizes=\"auto, (max-width: 450px) 85vw, 450px\" \/><\/p>\n<p>Dernest kan det v\u00e6re bra \u00e5 opps\u00f8ke en person, en har tillit til, eller en i et kloster, som hun kan snakke fortrolig med og f\u00e5 svar p\u00e5 en del sp\u00f8rsm\u00e5l, \u00a0for \u00e5 f\u00e5 avklart sitt kall.<br \/>\nDersom hun \u00f8nsker det,\u00a0kan hun bli innbudt til \u00e5 v\u00e6re sammen med s\u00f8strene en weekend eller noen dager. I den tiden vil hun f\u00e5 h\u00f8re om s\u00f8strenes b\u00f8nn, arbeid, spiritualitet og fornemme om det er noe som stemmer overens med det kallet hun f\u00f8ler i sitt innerste, det vil si:\u00a0\u00a0Om hun f\u00e5r en \u201dhjemme f\u00f8lelse. \u201d<\/p>\n<p>Gud gir ikke bare et kall, men han f\u00f8rer oss ogs\u00e5 videre p\u00e5 veien.\u00a0Hvis den enkelte har funnet ut at hun \u00f8nsker \u00e5 pr\u00f8ve dette kallet,\u00a0kan hun bli \u00a0invitert og akseptert av s\u00f8strene som <strong>kandidat.<\/strong> Da \u00a0lever hun sammen\u00a0 med s\u00f8strene i en konkret kommunitet\u00a0og tar del i b\u00f8nn,\u00a0 fellesskap og daglig liv.<\/p>\n<p>\u00d8nsker vedkommende\u00a0etter en tid \u00e5 g\u00e5 videre, kan hun begynne <strong>postulatet.<\/strong> Kandidaten m\u00e5 selv uttrykkelig sp\u00f8rre om \u00e5 f\u00e5 begynne i postulatet Dette er fremdeles en tid til \u201dkom\u00a0og se\u201d. Postulatet kan vare fra \u00bd \u00e5r-til 1 \u00e5r, men kan forlenges inntil 2 \u00e5r. Personen m\u00e5 v\u00e6re tilstrekkelig moden som menneske og som kristen og s\u00e5 vidt mulig ha en viss erfaring fra arbeidslivet og apostolisk virksomhet.<\/p>\n<p>I den innledende fase m\u00e5\u00a0postulanten tenke n\u00f8ye igjennom hva hun har valgt, og hennes valg m\u00e5 f\u00e5 anledning til \u00e5 modnes slik at hun klart kan se om dette virkelig er et kall fra Gud.<\/p>\n<p>Erfaringer i kommunitetslivet vil etter hvert gi kommuniteten \u00a0og\u00a0postulanten anledning til \u00e5 l\u00e6re hverandre bedre \u00e5 kjenne.<br \/>\nPostulanten\u00a0f\u00e5r hjelp til \u00e5 utvikle seg som menneske og kristen. Hun f\u00e5r egnet trosundervisning, slik at hun kan utdype sitt trosliv. En innf\u00f8ring i St. Josephs\u00f8strenes Historie, Spiritualitet og oppl\u00e6ring i b\u00f8nn bidrar til at hennes overgivelse til Gud kan hvile p\u00e5 et solid grunnlag.<\/p>\n<p style=\"text-align: center;\"><img loading=\"lazy\" decoding=\"async\" class=\"aligncenter\" title=\"utdanning-00349\" src=\"https:\/\/www.stjoseph.no\/wp-content\/uploads\/2009\/12\/utdanning-00349-300x200.jpg\" alt=\"utdanning-00349\" width=\"300\" height=\"200\" \/><\/p>\n<p>N\u00e5r denne \u201dkom og se\u201d tiden &#8211; postulatet- er omme, kan\u00a0postulanten \u00a0be om \u00e5 f\u00e5 begynne sitt <strong>novisiat<\/strong>. Provinsforstanderinnen r\u00e5df\u00f8rer seg med utdanningsteamet og ber om avgj\u00f8rende avstemning i provinsr\u00e5det f\u00f8r hun gir\u00a0postulanten adgang til \u00e5 begynne sitt novisiat(\u00a7103 i v\u00e5re konstitusjoner)<br \/>\nF\u00f8r hun begynner novisiatet skal hun ha en lengre retrett.<\/p>\n<p>Novisiatet er en tid hvor hele mennesket radikalt m\u00e5 innstille seg p\u00e5 Jesus Kristus. Kristus er v\u00e5r f\u00f8rste og egentlige L\u00e6rer. Vi m\u00e5 vite at\u00a0 Kristi \u00c5nd er midtpunktet i v\u00e5rt liv og\u00a0 derfor er \u00a0m\u00e5lene:<\/p>\n<p>\u2022 \u00c5 hjelpe hvert nytt medlem til \u00e5 v\u00e6re \u00e5pen, slik at Skaperen kan gj\u00f8re henne til den ekte personen Gud \u00f8nsker at hun skal v\u00e6re.<br \/>\n\u2022 \u00c5 vokse i \u00f8nske og evne til \u00e5 bli forvandlet av Gud.<br \/>\n\u2022 \u00c5 hjelpe hver enkelt til \u00e5\u00a0bli v\u00e0r\u00a0sine dypeste lengsler, og gradvis \u00e5 vokse i\u00a0et \u00a0sterkt og kj\u00e6rlig forhold til Jesus og til Guds folk.<br \/>\n\u2022 \u00c5 gi tid og rom for hver enkelt til \u00e5 bli bedre kjent med seg selv, sine egne verdier og \u00e5 bekrefte og akseptere seg selv som den personen Gud vil at\u00a0hun skal v\u00e6re.<br \/>\n\u2022 \u00c5 bli klar over at den karisma hun allerede har i seg selv, er den samme som er St. Josephss\u00f8strenes karisma, og \u00e5 vokse i sin forst\u00e5else av hvordan vi lever ut v\u00e5r karisma i Kirken, kongregasjonen og samfunnet.<br \/>\n\u2022 \u00c5 utvikle kvaliteten av sine mellommenneskelige forhold i og utenfor fellesskapet.<br \/>\n\u2022 \u00c5 leve p\u00e5 en enkel og balansert m\u00e5te.<br \/>\n\u2022 \u00c5 hjelpe hver enkelt til \u00e5 verdsette og forst\u00e5\u00a0 \u00e5 ut\u00f8ve et apostolat\u00a0\u00a0med trofasthet og iver er en\u00a0vesentlig del av v\u00e5r karisma.<br \/>\n\u2022 \u00c5 utvikle og verdsette at vi er en internasjonal kongregasjon.<br \/>\n\u2022 \u00c5 bli s\u00e5 n\u00e6r knyttet til Gud, at hun er i stand til \u201d\u00e5 if\u00f8re seg Jesu Kristi sinnelag\u201d i sammenheng med v\u00e5r karisma og v\u00e5r spiritualitet.<br \/>\n\u2022 \u00c5 bli et livgivende medlem av kommuniteten<br \/>\n\u2022 \u00c5 delta aktivt i kommunitetens liv for \u00e5 bidra til vekst og medansvar.<\/p>\n<p>Etter to \u00e5rs novisiat avlegger novisen <strong>de f\u00f8rste l\u00f8fter<\/strong>,\u00a0 det f\u00f8rste skritt mot de evige l\u00f8fter- for slik \u00e5 gi til kjenne at hun \u00f8nsker \u00e5 gi seg helt til Herren.<br \/>\nI tillit til at Gud er trofast, forbereder hun seg til de evige l\u00f8fter, i frihet og med vilje til \u00e5 tjene andre. Novisen blir f\u00f8rt inn i et liv etter de evangeliske r\u00e5d om kyskhet, fattigdom og lydighet, slik de leves i kongregasjonen. Sammen med den kommunitet hvis liv hun deler, l\u00e6rer hun \u00e5 s\u00f8ke Gud og \u00e5 v\u00e6re rede til \u00e5 fylle den oppgave Han vil gi henne.<br \/>\nTiden med de f\u00f8rste l\u00f8fter varer fra 3 til 6 \u00e5r.<\/p>\n<p>Ved <strong>de evige l\u00f8fter<\/strong> forplikter s\u00f8steren seg innenfor Kirken, offentlig og ugjenkallelig \u00e5 f\u00f8lge Kristus.<\/p>\n<p>Hun lover \u00e5 leve i kyskhet, fattigdom og lydighet if\u00f8lge konstitusjonene for St. Josephs\u00f8strene av Chamb\u00e9ry.<\/p>\n<p>S\u00f8steren s\u00f8ker skriftlig om \u00e5 f\u00e5 avlegge de evige l\u00f8fter som\u00a0er et alvorlig skritt.Derfor kreves minst 2 m\u00e5neders intensiv forberedelse og en lengre retrett.<br \/>\nDet er provinsforstanderinnen som gir tillatelse til l\u00f8fteavleggelsen etter avgj\u00f8rende avstemning i r\u00e5det, og etter at hun har r\u00e5df\u00f8rt seg med kommuniteten, og med den s\u00f8ster som har ansvar for denne fasen av utdanningen. Tillatelsen m\u00e5 v\u00e6re bekreftet av generalforstanderinnen.<\/p>\n<p>Under eukaristifeiringen mottar provinsforstanderinnen s\u00f8sterens evige l\u00f8fter, p\u00e5 kongregasjonens vegne og i generalforstanderinnes sted.<\/p>\n<p style=\"text-align: center;\"><img loading=\"lazy\" decoding=\"async\" class=\"size-medium wp-image-712 aligncenter\" style=\"margin-left: 70px; margin-right: 70px;\" title=\"301220082186\" src=\"https:\/\/www.stjoseph.no\/wp-content\/uploads\/2009\/12\/301220082186-300x225.jpg\" alt=\"301220082186\" width=\"300\" height=\"225\" srcset=\"https:\/\/www.StJoseph.no\/wp-content\/uploads\/2009\/12\/301220082186-300x225.jpg 300w, https:\/\/www.StJoseph.no\/wp-content\/uploads\/2009\/12\/301220082186.jpg 640w\" sizes=\"auto, (max-width: 300px) 85vw, 300px\" \/><\/p>\n<p style=\"text-align: center;\"><img loading=\"lazy\" decoding=\"async\" class=\"aligncenter\" style=\"margin-left: 70px; margin-right: 70px;\" title=\"301220082227\" src=\"https:\/\/www.stjoseph.no\/wp-content\/uploads\/2009\/12\/301220082227-300x247.jpg\" alt=\"301220082227\" width=\"300\" height=\"247\" \/><\/p>\n<p>V\u00e5r utvikling og utdanning tar aldri slutt, den er en vedvarende prosess.\u00a0 Derfor m\u00e5 det p\u00e5 alle niv\u00e5er tas initiativ og finnes strukturer som kan styrke og fremme menneskelig og \u00e5ndelig vekst, i samsvar med den enkeltes behov, alder og situasjon. Vi legger s\u00e6rlig vekt p\u00e5 \u00e5ndelig utvikling, fornyelse av kommunitetslivet, \u00f8kt \u00a0teologisk og pastoral videreutdanning, og menneskelig og faglig fornyelse (tankene om utdanningen er delvis fra v\u00e5re konstitusjoner og fra retningslinjer for utdannelsen).<\/p>\n<p>\u00d8nsker du mer informasjon s\u00e5 kontakt : Sr. Anette (23400935)\u00a0\u00a0 eller Sr. Marit ( 23400922)<\/p>\n","protected":false},"excerpt":{"rendered":"<p>&nbsp; Hvordan blir jeg St. Josephs\u00f8ster? Den enkelte som \u00f8nsker \u00e5 begynne p\u00e5 de innledende trinn, \u00a0m\u00e5 f\u00f8le et kall innenfra, et kall fra Gud. Vedkommende pr\u00f8ver \u00e5 svare p\u00e5 dette kallet i stillhet og b\u00f8nn. I den tiden s\u00f8ker personen Guds n\u00e6rv\u00e6r og tiltrekkes av\u00a0b\u00f8nn og deltagelse i den hellige messe. Slik modner kallet &hellip; <a href=\"https:\/\/www.StJoseph.no\/?page_id=464\" class=\"more-link\">Continue reading<span class=\"screen-reader-text\"> &#8220;Klosterutdanning&#8221;<\/span><\/a><\/p>\n","protected":false},"author":5,"featured_media":0,"parent":0,"menu_order":14,"comment_status":"closed","ping_status":"closed","template":"","meta":{"footnotes":""},"class_list":["post-464","page","type-page","status-publish","hentry"],"_links":{"self":[{"href":"https:\/\/www.StJoseph.no\/index.php?rest_route=\/wp\/v2\/pages\/464","targetHints":{"allow":["GET"]}}],"collection":[{"href":"https:\/\/www.StJoseph.no\/index.php?rest_route=\/wp\/v2\/pages"}],"about":[{"href":"https:\/\/www.StJoseph.no\/index.php?rest_route=\/wp\/v2\/types\/page"}],"author":[{"embeddable":true,"href":"https:\/\/www.StJoseph.no\/index.php?rest_route=\/wp\/v2\/users\/5"}],"replies":[{"embeddable":true,"href":"https:\/\/www.StJoseph.no\/index.php?rest_route=%2Fwp%2Fv2%2Fcomments&post=464"}],"version-history":[{"count":66,"href":"https:\/\/www.StJoseph.no\/index.php?rest_route=\/wp\/v2\/pages\/464\/revisions"}],"predecessor-version":[{"id":5796,"href":"https:\/\/www.StJoseph.no\/index.php?rest_route=\/wp\/v2\/pages\/464\/revisions\/5796"}],"wp:attachment":[{"href":"https:\/\/www.StJoseph.no\/index.php?rest_route=%2Fwp%2Fv2%2Fmedia&parent=464"}],"curies":[{"name":"wp","href":"https:\/\/api.w.org\/{rel}","templated":true}]}}