{"id":273,"date":"2023-05-16T09:07:28","date_gmt":"2023-05-16T07:07:28","guid":{"rendered":"http:\/\/csj.katolsk.no\/?page_id=273"},"modified":"2025-02-17T10:34:09","modified_gmt":"2025-02-17T09:34:09","slug":"provins","status":"publish","type":"page","link":"https:\/\/www.StJoseph.no\/?page_id=273","title":{"rendered":"Provinsadministrasjon"},"content":{"rendered":"<p><strong><a href=\"https:\/\/www.stjoseph.no\/wp-content\/uploads\/2009\/12\/administrasjon.jpg\"><img loading=\"lazy\" decoding=\"async\" title=\"administrasjon\" src=\"https:\/\/www.stjoseph.no\/wp-content\/uploads\/2009\/12\/administrasjon.jpg\" alt=\"administrasjon\" width=\"256\" height=\"192\" \/><\/a><\/strong><\/p>\n<p>&nbsp;<\/p>\n<p><strong>Provinsadministrasjonen<\/strong><\/p>\n<p>Kongregasjonen er organisert i provinser fordi det er hensiktsmessig for kongregasjonens liv og oppdrag. Hver provins har en provinsforstanderinne som er den \u00f8verste foresatte i provinsen. Hun samarbeider med generalforstanderinnen i Roma \u00a0og provinsr\u00e5ds\u00f8strene for \u00e5 stimulere det \u00e5ndelige og apostoliske liv i provinsen.<\/p>\n<p><strong>Provinsadministrasjon:<br \/>\n<\/strong><strong><br \/>\nSt. Josephs\u00f8strene av Chamb\u00e9ry<br \/>\n<\/strong><strong>den norske ordensprovins<\/strong><\/p>\n<p><strong>Brannvaktveien 5,<br \/>\n0489\u00a0 N-Oslo<br \/>\ntlf. 23 40 09 35 eller \u00a023 40 09 22<br \/>\nE- mail : <\/strong><a href=\"mailto:provins@stjoseph.no\"><strong>provins@stjoseph.no<\/strong><\/a><\/p>\n<p><strong>Bankgiro: 5005.05.19055<\/strong><\/p>\n<p><strong>Provinsforstanderinne: Sr. Anette Moltubakk<br \/>\ntlf. 23 40 09 35; mobil: 95 93 68 67<br \/>\nE-mail: moltubakk@stjoseph.no<\/strong><\/p>\n<p><strong>hjemmeside:http:\/\/www.stjoseph.no\/<\/strong><\/p>\n","protected":false},"excerpt":{"rendered":"<p>&nbsp; Provinsadministrasjonen Kongregasjonen er organisert i provinser fordi det er hensiktsmessig for kongregasjonens liv og oppdrag. Hver provins har en provinsforstanderinne som er den \u00f8verste foresatte i provinsen. Hun samarbeider med generalforstanderinnen i Roma \u00a0og provinsr\u00e5ds\u00f8strene for \u00e5 stimulere det \u00e5ndelige og apostoliske liv i provinsen. Provinsadministrasjon: St. Josephs\u00f8strene av Chamb\u00e9ry den norske ordensprovins Brannvaktveien &hellip; <a href=\"https:\/\/www.StJoseph.no\/?page_id=273\" class=\"more-link\">Continue reading<span class=\"screen-reader-text\"> &#8220;Provinsadministrasjon&#8221;<\/span><\/a><\/p>\n","protected":false},"author":3,"featured_media":0,"parent":0,"menu_order":7,"comment_status":"closed","ping_status":"closed","template":"","meta":{"footnotes":""},"class_list":["post-273","page","type-page","status-publish","hentry"],"_links":{"self":[{"href":"https:\/\/www.StJoseph.no\/index.php?rest_route=\/wp\/v2\/pages\/273","targetHints":{"allow":["GET"]}}],"collection":[{"href":"https:\/\/www.StJoseph.no\/index.php?rest_route=\/wp\/v2\/pages"}],"about":[{"href":"https:\/\/www.StJoseph.no\/index.php?rest_route=\/wp\/v2\/types\/page"}],"author":[{"embeddable":true,"href":"https:\/\/www.StJoseph.no\/index.php?rest_route=\/wp\/v2\/users\/3"}],"replies":[{"embeddable":true,"href":"https:\/\/www.StJoseph.no\/index.php?rest_route=%2Fwp%2Fv2%2Fcomments&post=273"}],"version-history":[{"count":37,"href":"https:\/\/www.StJoseph.no\/index.php?rest_route=\/wp\/v2\/pages\/273\/revisions"}],"predecessor-version":[{"id":5254,"href":"https:\/\/www.StJoseph.no\/index.php?rest_route=\/wp\/v2\/pages\/273\/revisions\/5254"}],"wp:attachment":[{"href":"https:\/\/www.StJoseph.no\/index.php?rest_route=%2Fwp%2Fv2%2Fmedia&parent=273"}],"curies":[{"name":"wp","href":"https:\/\/api.w.org\/{rel}","templated":true}]}}