{"id":267,"date":"2023-05-16T09:06:36","date_gmt":"2023-05-16T07:06:36","guid":{"rendered":"http:\/\/csj.katolsk.no\/?page_id=267"},"modified":"2025-02-17T10:34:09","modified_gmt":"2025-02-17T09:34:09","slug":"kall","status":"publish","type":"page","link":"https:\/\/www.StJoseph.no\/?page_id=267","title":{"rendered":"Kall"},"content":{"rendered":"<p><img loading=\"lazy\" decoding=\"async\" class=\"aligncenter size-medium wp-image-934\" title=\"PICT0921\" src=\"https:\/\/www.stjoseph.no\/wp-content\/uploads\/2009\/12\/PICT0921-300x224.jpg\" alt=\"PICT0921\" width=\"300\" height=\"224\" srcset=\"https:\/\/www.StJoseph.no\/wp-content\/uploads\/2009\/12\/PICT0921-300x224.jpg 300w, https:\/\/www.StJoseph.no\/wp-content\/uploads\/2009\/12\/PICT0921.JPG 314w\" sizes=\"auto, (max-width: 300px) 85vw, 300px\" \/><\/p>\n<p>er som:<\/p>\n<ul>\n<li>et \u00f8nske, en lengsel som blir sterkere n\u00e5r jeg tar meg tid og ro til \u00e5 kjenne etter<\/li>\n<li>en uro som kommer igjen og igjen og ikke lar meg i fred<\/li>\n<li>en anelse om at Gud vil mer med meg, vil bruke meg til noe<\/li>\n<li>en fornemmelse av Guds n\u00e6rv\u00e6r, fred, kj\u00e6rlighet og ro inne i meg<\/li>\n<li>en svak anelse, fornemmelse i mitt indre<\/li>\n<li>en erfaring, en dragning, kanskje ogs\u00e5 en smerte henimot Gud, som jeg til tider helst vil flykte fra<\/li>\n<\/ul>\n<p><img loading=\"lazy\" decoding=\"async\" class=\"aligncenter size-medium wp-image-1057\" title=\"Bilde1\" src=\"https:\/\/www.stjoseph.no\/wp-content\/uploads\/2009\/12\/Bilde11-300x225.jpg\" alt=\"Bilde1\" width=\"300\" height=\"225\" srcset=\"https:\/\/www.StJoseph.no\/wp-content\/uploads\/2009\/12\/Bilde11-300x225.jpg 300w, https:\/\/www.StJoseph.no\/wp-content\/uploads\/2009\/12\/Bilde11.jpg 825w\" sizes=\"auto, (max-width: 300px) 85vw, 300px\" \/><\/p>\n<ul>\n<li>om Jesus ser p\u00e5 meg med et kj\u00e6rlig blikk og ber meg \u00e5 f\u00f8lge HAM.<\/li>\n<li>en begynnelse p\u00e5 en vei som blir til mens jeg g\u00e5r<\/li>\n<li>en risiko jeg m\u00e5 ta<\/li>\n<li>en kilde av n\u00e5de, som jeg selv m\u00e5 v\u00e5ge \u00e5 drikke av<\/li>\n<li>en kilde av Guds ubetingede kj\u00e6rlighet, som jeg bare kan ta imot med \u00e5pne hender<\/li>\n<li>en tillitserkl\u00e6ring fra Gud, HAN er trofast<\/li>\n<li>et kj\u00e6rlighetsforhold som m\u00e5 pleies ved kontakt og b\u00f8nn i det stille<\/li>\n<li>som <strong>Maria <\/strong>\u00e5 si et <strong>ubetinget ja: Jeg er Herrens tjenerinne, det skje meg som du vil!<\/strong><\/li>\n<\/ul>\n<h5 class=\"col-xs-12 col-sm-12\"><a href=\"https:\/\/www.StJoseph.no\/wp-content\/uploads\/2023\/01\/20230107_1810320.jpg-sammen-med-de-unge-sostre-fra-Joseph-Huset.jpg\"><img loading=\"lazy\" decoding=\"async\" class=\"alignnone wp-image-6461\" src=\"https:\/\/www.StJoseph.no\/wp-content\/uploads\/2023\/01\/20230107_1810320.jpg-sammen-med-de-unge-sostre-fra-Joseph-Huset-300x138.jpg\" alt=\"\" width=\"391\" height=\"180\" srcset=\"https:\/\/www.StJoseph.no\/wp-content\/uploads\/2023\/01\/20230107_1810320.jpg-sammen-med-de-unge-sostre-fra-Joseph-Huset-300x138.jpg 300w, https:\/\/www.StJoseph.no\/wp-content\/uploads\/2023\/01\/20230107_1810320.jpg-sammen-med-de-unge-sostre-fra-Joseph-Huset.jpg 361w\" sizes=\"auto, (max-width: 391px) 85vw, 391px\" \/><\/a><\/h5>\n<p><img loading=\"lazy\" decoding=\"async\" class=\"aligncenter size-medium wp-image-298\" title=\"retrett-00722\" src=\"https:\/\/www.stjoseph.no\/wp-content\/uploads\/2009\/12\/retrett-00722-300x200.jpg\" alt=\"retrett-00722\" width=\"300\" height=\"200\" srcset=\"https:\/\/www.StJoseph.no\/wp-content\/uploads\/2009\/12\/retrett-00722-300x200.jpg 300w, https:\/\/www.StJoseph.no\/wp-content\/uploads\/2009\/12\/retrett-00722.jpg 450w\" sizes=\"auto, (max-width: 300px) 85vw, 300px\" \/><\/p>\n<p>&nbsp;<\/p>\n<p>&nbsp;<\/p>\n<p>&nbsp;<\/p>\n<p>&nbsp;<\/p>\n<p>&nbsp;<\/p>\n","protected":false},"excerpt":{"rendered":"<p>er som: et \u00f8nske, en lengsel som blir sterkere n\u00e5r jeg tar meg tid og ro til \u00e5 kjenne etter en uro som kommer igjen og igjen og ikke lar meg i fred en anelse om at Gud vil mer med meg, vil bruke meg til noe en fornemmelse av Guds n\u00e6rv\u00e6r, fred, kj\u00e6rlighet og &hellip; <a href=\"https:\/\/www.StJoseph.no\/?page_id=267\" class=\"more-link\">Continue reading<span class=\"screen-reader-text\"> &#8220;Kall&#8221;<\/span><\/a><\/p>\n","protected":false},"author":3,"featured_media":0,"parent":0,"menu_order":13,"comment_status":"closed","ping_status":"closed","template":"","meta":{"footnotes":""},"class_list":["post-267","page","type-page","status-publish","hentry"],"_links":{"self":[{"href":"https:\/\/www.StJoseph.no\/index.php?rest_route=\/wp\/v2\/pages\/267","targetHints":{"allow":["GET"]}}],"collection":[{"href":"https:\/\/www.StJoseph.no\/index.php?rest_route=\/wp\/v2\/pages"}],"about":[{"href":"https:\/\/www.StJoseph.no\/index.php?rest_route=\/wp\/v2\/types\/page"}],"author":[{"embeddable":true,"href":"https:\/\/www.StJoseph.no\/index.php?rest_route=\/wp\/v2\/users\/3"}],"replies":[{"embeddable":true,"href":"https:\/\/www.StJoseph.no\/index.php?rest_route=%2Fwp%2Fv2%2Fcomments&post=267"}],"version-history":[{"count":38,"href":"https:\/\/www.StJoseph.no\/index.php?rest_route=\/wp\/v2\/pages\/267\/revisions"}],"predecessor-version":[{"id":6584,"href":"https:\/\/www.StJoseph.no\/index.php?rest_route=\/wp\/v2\/pages\/267\/revisions\/6584"}],"wp:attachment":[{"href":"https:\/\/www.StJoseph.no\/index.php?rest_route=%2Fwp%2Fv2%2Fmedia&parent=267"}],"curies":[{"name":"wp","href":"https:\/\/api.w.org\/{rel}","templated":true}]}}

<p><img loading="lazy" decoding="async" class="aligncenter size-medium wp-image-934" title="PICT0921" src="https://www.stjoseph.no/wp-content/uploads/2009/12/PICT0921-300x224.jpg" alt="PICT0921" width="300" height="224" srcset="https://www.StJoseph.no/wp-content/uploads/2009/12/PICT0921-300x224.jpg 300w, https://www.StJoseph.no/wp-content/uploads/2009/12/PICT0921.JPG 314w" sizes="auto, (max-width: 300px) 85vw, 300px" /></p>
<p>er som:</p>
<ul>
<li>et ønske, en lengsel som blir sterkere når jeg tar meg tid og ro til å kjenne etter</li>
<li>en uro som kommer igjen og igjen og ikke lar meg i fred</li>
<li>en anelse om at Gud vil mer med meg, vil bruke meg til noe</li>
<li>en fornemmelse av Guds nærvær, fred, kjærlighet og ro inne i meg</li>
<li>en svak anelse, fornemmelse i mitt indre</li>
<li>en erfaring, en dragning, kanskje også en smerte henimot Gud, som jeg til tider helst vil flykte fra</li>
</ul>
<p><img loading="lazy" decoding="async" class="aligncenter size-medium wp-image-1057" title="Bilde1" src="https://www.stjoseph.no/wp-content/uploads/2009/12/Bilde11-300x225.jpg" alt="Bilde1" width="300" height="225" srcset="https://www.StJoseph.no/wp-content/uploads/2009/12/Bilde11-300x225.jpg 300w, https://www.StJoseph.no/wp-content/uploads/2009/12/Bilde11.jpg 825w" sizes="auto, (max-width: 300px) 85vw, 300px" /></p>
<ul>
<li>om Jesus ser på meg med et kjærlig blikk og ber meg å følge HAM.</li>
<li>en begynnelse på en vei som blir til mens jeg går</li>
<li>en risiko jeg må ta</li>
<li>en kilde av nåde, som jeg selv må våge å drikke av</li>
<li>en kilde av Guds ubetingede kjærlighet, som jeg bare kan ta imot med åpne hender</li>
<li>en tillitserklæring fra Gud, HAN er trofast</li>
<li>et kjærlighetsforhold som må pleies ved kontakt og bønn i det stille</li>
<li>som <strong>Maria </strong>å si et <strong>ubetinget ja: Jeg er Herrens tjenerinne, det skje meg som du vil!</strong></li>
</ul>
<h5 class="col-xs-12 col-sm-12"><a href="https://www.StJoseph.no/wp-content/uploads/2023/01/20230107_1810320.jpg-sammen-med-de-unge-sostre-fra-Joseph-Huset.jpg"><img loading="lazy" decoding="async" class="alignnone wp-image-6461" src="https://www.StJoseph.no/wp-content/uploads/2023/01/20230107_1810320.jpg-sammen-med-de-unge-sostre-fra-Joseph-Huset-300x138.jpg" alt="" width="391" height="180" srcset="https://www.StJoseph.no/wp-content/uploads/2023/01/20230107_1810320.jpg-sammen-med-de-unge-sostre-fra-Joseph-Huset-300x138.jpg 300w, https://www.StJoseph.no/wp-content/uploads/2023/01/20230107_1810320.jpg-sammen-med-de-unge-sostre-fra-Joseph-Huset.jpg 361w" sizes="auto, (max-width: 391px) 85vw, 391px" /></a></h5>
<p><img loading="lazy" decoding="async" class="aligncenter size-medium wp-image-298" title="retrett-00722" src="https://www.stjoseph.no/wp-content/uploads/2009/12/retrett-00722-300x200.jpg" alt="retrett-00722" width="300" height="200" srcset="https://www.StJoseph.no/wp-content/uploads/2009/12/retrett-00722-300x200.jpg 300w, https://www.StJoseph.no/wp-content/uploads/2009/12/retrett-00722.jpg 450w" sizes="auto, (max-width: 300px) 85vw, 300px" /></p>
<p>&nbsp;</p>
<p>&nbsp;</p>
<p>&nbsp;</p>
<p>&nbsp;</p>
<p>&nbsp;</p>

<p>er som: et ønske, en lengsel som blir sterkere når jeg tar meg tid og ro til å kjenne etter en uro som kommer igjen og igjen og ikke lar meg i fred en anelse om at Gud vil mer med meg, vil bruke meg til noe en fornemmelse av Guds nærvær, fred, kjærlighet og &hellip; <a href="https://www.StJoseph.no/?page_id=267" class="more-link">Continue reading<span class="screen-reader-text"> &#8220;Kall&#8221;</span></a></p>
