{"id":113,"date":"2025-12-03T09:05:17","date_gmt":"2025-12-03T08:05:17","guid":{"rendered":"http:\/\/csj.katolsk.no\/?page_id=113"},"modified":"2025-12-03T10:00:55","modified_gmt":"2025-12-03T09:00:55","slug":"spiritualitet","status":"publish","type":"page","link":"https:\/\/www.StJoseph.no\/?page_id=113","title":{"rendered":"Spiritualitet"},"content":{"rendered":"<p>&nbsp;<\/p>\n<p><img loading=\"lazy\" decoding=\"async\" class=\"size-full wp-image-516 alignleft\" style=\"margin-left: 3px; margin-right: 3px;\" title=\"tre\" src=\"https:\/\/www.stjoseph.no\/wp-content\/uploads\/2009\/12\/tre.bmp\" alt=\"tre\" width=\"259\" height=\"300\" \/><\/p>\n<p style=\"text-align: left;\">Det <em>LILLE FORETAGENDE<\/em> som grunnleggeren,<br \/>\nP. Jean-Pierre M\u00e9daille kalte prosjektet med de fire f\u00f8rste s\u00f8strene,-er som et fr\u00f8, lite i seg selv, men med potensiale til \u00e5 gro opp til et stort tre!<\/p>\n<p>Kjernen i v\u00e5r spiritualitet er, if\u00f8lge pater M\u00e9daille, innvielsen til den Treenige Guds kj\u00e6rlighet, slik Jesus, Maria og Josef gjorde. Til Faderens \u00e6re, han som er all fullkommenhetens kilde, kalles vi til \u00e5 gi avkall p\u00e5 alt v\u00e5rt eget og overgi oss helt til hans vilje, for at vi i stadig h\u00f8yere grad kan leve som hans barn. For \u00e5 oppn\u00e5 dette m\u00e5l, kalles vi til \u00e5 bli mer og mer ett med Jesus, han som sa ja til det oppdrag han hadde f\u00e5tt tildelt, oppga alt sitt eget, gikk inn i slavens k\u00e5r og ble et menneske som vi, for \u00e5 \u00e5penbare Faderens kj\u00e6rlighet (jfr. Fil 2, 5 &#8211; 11).<\/p>\n<p><strong>M\u00c5L<\/strong> <em>Livet i v\u00e5rt ordenssamfunn er rettet mot dette ene m\u00e5l : at alle mennesker skal bli ett med oss, og innbyrdes, men alt i Jesus og i Gud hans far. (\u00a7 4 Konst. og \u00a0jfr. Joh 17 <strong>)<\/strong><\/em><\/p>\n<p><strong>ENHET\u00a0\u00a0\u00a0 <\/strong><em>Faderens og S\u00f8nnens \u00c5nd setter oss i stand til \u00e5 virkeliggj\u00f8re denne forening med Gud, og oss imellom og med v\u00e5r neste, slik at v\u00e5r kongregasjon kan b\u00e6re navnet &#8221; Guds store kj\u00e6rlighets kongregasjon<\/em> &#8220;(\u00a79)<\/p>\n<p><em><strong>TJENESTE<\/strong> Drevet av Den Hellige \u00c5nd fylles vi av det samme sinnelag som Jesus, han som brant av iver for Faderens \u00e6re og for verdens frelse, det samme sinnelag som Maria, hun som var ydmyk og tro mot n\u00e5dens innvielse, og som Josef ,lydh\u00f8r og alltid rede til tjeneste.(\u00a7 10)<\/em><\/p>\n<p>&nbsp;<\/p>\n<p><em><img loading=\"lazy\" decoding=\"async\" class=\"aligncenter size-full wp-image-1178\" title=\"ikon-treenighet\" src=\"https:\/\/www.stjoseph.no\/wp-content\/uploads\/2009\/12\/ikon-treenighet.jpg\" alt=\"ikon-treenighet\" width=\"450\" height=\"187\" srcset=\"https:\/\/www.StJoseph.no\/wp-content\/uploads\/2009\/12\/ikon-treenighet.jpg 450w, https:\/\/www.StJoseph.no\/wp-content\/uploads\/2009\/12\/ikon-treenighet-300x124.jpg 300w\" sizes=\"auto, (max-width: 450px) 85vw, 450px\" \/><br \/>\n<\/em><\/p>\n<p><strong>Den Hellige Familie <\/strong>P. M\u00e9daille valgte\u00a0 Treenigheten og Den Hellige Familie som idealer for kongregasjonen.\u00a0Begge er eksempler p\u00e5 et\u00a0 livgivende fellesskap. Idet vi s\u00f8ker \u00e5 etterligne Jesus, Maria og Josef, strever vi etter \u00e5 la oss lede av ydmykhet, enkelhet og inderlig omsorg i alle v\u00e5re handlinger.<\/p>\n<p style=\"text-align: center;\"><img loading=\"lazy\" decoding=\"async\" class=\"aligncenter size-medium wp-image-308\" title=\"retrett-01005\" src=\"https:\/\/www.stjoseph.no\/wp-content\/uploads\/2009\/12\/retrett-01005-200x300.jpg\" alt=\"retrett-01005\" width=\"200\" height=\"300\" srcset=\"https:\/\/www.StJoseph.no\/wp-content\/uploads\/2009\/12\/retrett-01005-200x300.jpg 200w, https:\/\/www.StJoseph.no\/wp-content\/uploads\/2009\/12\/retrett-01005.jpg 450w\" sizes=\"auto, (max-width: 200px) 85vw, 200px\" \/><\/p>\n<p>&nbsp;<\/p>\n<p><strong>Eukaristien <\/strong>Gjennom Eukaristien, enhetens sakrament i kirken, f\u00e5r vi del i Kristi oppdrag, \u00e5 samle Guds\u00a0spredte barn og f\u00f8re dem til Faderen.<\/p>\n","protected":false},"excerpt":{"rendered":"<p>&nbsp; Det LILLE FORETAGENDE som grunnleggeren, P. Jean-Pierre M\u00e9daille kalte prosjektet med de fire f\u00f8rste s\u00f8strene,-er som et fr\u00f8, lite i seg selv, men med potensiale til \u00e5 gro opp til et stort tre! Kjernen i v\u00e5r spiritualitet er, if\u00f8lge pater M\u00e9daille, innvielsen til den Treenige Guds kj\u00e6rlighet, slik Jesus, Maria og Josef gjorde. Til &hellip; <a href=\"https:\/\/www.StJoseph.no\/?page_id=113\" class=\"more-link\">Continue reading<span class=\"screen-reader-text\"> &#8220;Spiritualitet&#8221;<\/span><\/a><\/p>\n","protected":false},"author":3,"featured_media":0,"parent":0,"menu_order":5,"comment_status":"closed","ping_status":"closed","template":"","meta":{"footnotes":""},"class_list":["post-113","page","type-page","status-publish","hentry"],"_links":{"self":[{"href":"https:\/\/www.StJoseph.no\/index.php?rest_route=\/wp\/v2\/pages\/113","targetHints":{"allow":["GET"]}}],"collection":[{"href":"https:\/\/www.StJoseph.no\/index.php?rest_route=\/wp\/v2\/pages"}],"about":[{"href":"https:\/\/www.StJoseph.no\/index.php?rest_route=\/wp\/v2\/types\/page"}],"author":[{"embeddable":true,"href":"https:\/\/www.StJoseph.no\/index.php?rest_route=\/wp\/v2\/users\/3"}],"replies":[{"embeddable":true,"href":"https:\/\/www.StJoseph.no\/index.php?rest_route=%2Fwp%2Fv2%2Fcomments&post=113"}],"version-history":[{"count":58,"href":"https:\/\/www.StJoseph.no\/index.php?rest_route=\/wp\/v2\/pages\/113\/revisions"}],"predecessor-version":[{"id":5790,"href":"https:\/\/www.StJoseph.no\/index.php?rest_route=\/wp\/v2\/pages\/113\/revisions\/5790"}],"wp:attachment":[{"href":"https:\/\/www.StJoseph.no\/index.php?rest_route=%2Fwp%2Fv2%2Fmedia&parent=113"}],"curies":[{"name":"wp","href":"https:\/\/api.w.org\/{rel}","templated":true}]}}

<p>&nbsp;</p>
<p><img loading="lazy" decoding="async" class="size-full wp-image-516 alignleft" style="margin-left: 3px; margin-right: 3px;" title="tre" src="https://www.stjoseph.no/wp-content/uploads/2009/12/tre.bmp" alt="tre" width="259" height="300" /></p>
<p style="text-align: left;">Det <em>LILLE FORETAGENDE</em> som grunnleggeren,<br />
P. Jean-Pierre Médaille kalte prosjektet med de fire første søstrene,-er som et frø, lite i seg selv, men med potensiale til å gro opp til et stort tre!</p>
<p>Kjernen i vår spiritualitet er, ifølge pater Médaille, innvielsen til den Treenige Guds kjærlighet, slik Jesus, Maria og Josef gjorde. Til Faderens ære, han som er all fullkommenhetens kilde, kalles vi til å gi avkall på alt vårt eget og overgi oss helt til hans vilje, for at vi i stadig høyere grad kan leve som hans barn. For å oppnå dette mål, kalles vi til å bli mer og mer ett med Jesus, han som sa ja til det oppdrag han hadde fått tildelt, oppga alt sitt eget, gikk inn i slavens kår og ble et menneske som vi, for å åpenbare Faderens kjærlighet (jfr. Fil 2, 5 &#8211; 11).</p>
<p><strong>MÅL</strong> <em>Livet i vårt ordenssamfunn er rettet mot dette ene mål : at alle mennesker skal bli ett med oss, og innbyrdes, men alt i Jesus og i Gud hans far. (§ 4 Konst. og  jfr. Joh 17 <strong>)</strong></em></p>
<p><strong>ENHET    </strong><em>Faderens og Sønnens Ånd setter oss i stand til å virkeliggjøre denne forening med Gud, og oss imellom og med vår neste, slik at vår kongregasjon kan bære navnet &#8221; Guds store kjærlighets kongregasjon</em> &#8220;(§9)</p>
<p><em><strong>TJENESTE</strong> Drevet av Den Hellige Ånd fylles vi av det samme sinnelag som Jesus, han som brant av iver for Faderens ære og for verdens frelse, det samme sinnelag som Maria, hun som var ydmyk og tro mot nådens innvielse, og som Josef ,lydhør og alltid rede til tjeneste.(§ 10)</em></p>
<p>&nbsp;</p>
<p><em><img loading="lazy" decoding="async" class="aligncenter size-full wp-image-1178" title="ikon-treenighet" src="https://www.stjoseph.no/wp-content/uploads/2009/12/ikon-treenighet.jpg" alt="ikon-treenighet" width="450" height="187" srcset="https://www.StJoseph.no/wp-content/uploads/2009/12/ikon-treenighet.jpg 450w, https://www.StJoseph.no/wp-content/uploads/2009/12/ikon-treenighet-300x124.jpg 300w" sizes="auto, (max-width: 450px) 85vw, 450px" /><br />
</em></p>
<p><strong>Den Hellige Familie </strong>P. Médaille valgte  Treenigheten og Den Hellige Familie som idealer for kongregasjonen. Begge er eksempler på et  livgivende fellesskap. Idet vi søker å etterligne Jesus, Maria og Josef, strever vi etter å la oss lede av ydmykhet, enkelhet og inderlig omsorg i alle våre handlinger.</p>
<p style="text-align: center;"><img loading="lazy" decoding="async" class="aligncenter size-medium wp-image-308" title="retrett-01005" src="https://www.stjoseph.no/wp-content/uploads/2009/12/retrett-01005-200x300.jpg" alt="retrett-01005" width="200" height="300" srcset="https://www.StJoseph.no/wp-content/uploads/2009/12/retrett-01005-200x300.jpg 200w, https://www.StJoseph.no/wp-content/uploads/2009/12/retrett-01005.jpg 450w" sizes="auto, (max-width: 200px) 85vw, 200px" /></p>
<p>&nbsp;</p>
<p><strong>Eukaristien </strong>Gjennom Eukaristien, enhetens sakrament i kirken, får vi del i Kristi oppdrag, å samle Guds spredte barn og føre dem til Faderen.</p>

<p>&nbsp; Det LILLE FORETAGENDE som grunnleggeren, P. Jean-Pierre Médaille kalte prosjektet med de fire første søstrene,-er som et frø, lite i seg selv, men med potensiale til å gro opp til et stort tre! Kjernen i vår spiritualitet er, ifølge pater Médaille, innvielsen til den Treenige Guds kjærlighet, slik Jesus, Maria og Josef gjorde. Til &hellip; <a href="https://www.StJoseph.no/?page_id=113" class="more-link">Continue reading<span class="screen-reader-text"> &#8220;Spiritualitet&#8221;</span></a></p>
